0.
360
Calculate the highest common divisor of 155 and 225215.
155
What is the greatest common divisor of 2090 and 607050?
190
What is the greatest common divisor of 2259 and 13052?
251
What is the highest common divisor of 858 and 82914?
78
Calculate the highest common factor of 56275 and 125.
25
What is the highest common divisor of 567 and 648?
81
What is the greatest common divisor of 83162 and 1505?
43
Calculate the highest common divisor of 2 and 202410.
2
What is the highest common factor of 18 and 8130?
6
What is the greatest common factor of 4 and 215834?
2
Calculate the highest common factor of 2 and 1478.
2
Calculate the greatest common divisor of 2754 and 21998.
34
What is the highest common factor of 39231 and 81?
27
Calculate the greatest common factor of 2112 and 145344.
192
What is the highest common factor of 391680 and 306?
306
What is the highest common factor of 7 and 52913?
7
What is the highest common divisor of 169333 and 313?
313
What is the highest common factor of 7904 and 4108?
52
Calculate the highest common divisor of 6426 and 16473.
51
What is the greatest common divisor of 18032 and 513520?
784
Calculate the greatest common divisor of 14 and 224882.
14
What is the highest common divisor of 69235 and 122?
61
Calculate the highest common factor of 3100 and 287060.
620
What is the highest common factor of 9 and 173475?
9
What is the highest common factor of 55539 and 51183?
1089
What is the highest common factor of 2635 and 3485?
85
What is the greatest common divisor of 7470 and 76410?
90
Calculate the highest common factor of 90 and 37215.
45
Calculate the greatest common factor of 3972 and 12.
12
What is the greatest common divisor of 4375 and 1015?
35
Calculate the greatest common factor of 54 and 977382.
18
Calculate the greatest common divisor of 72 and 219933.
9
What is the greatest common factor of 64 and 2863?
1
What is the greatest common divisor of 582 and 1183497?
291
What is the highest common factor of 45645 and 68?
17
What is the greatest common divisor of 357462 and 1134?
126
Calculate the highest common factor of 755824 and 48.
16
Calculate the greatest common factor of 121489 and 31.
31
What is the highest common divisor of 100 and 1034380?
20
What is the highest common factor of 4896 and 53550?
306
What is the greatest common factor of 375 and 2888625?
375
What is the highest common divisor of 594790 and 8?
2
What is the greatest common divisor of 26 and 654758?
26
What is the greatest common factor of 9 and 3981?
3
What is the highest common factor of 11084 and 884?
68
Calculate the highest common factor of 64 and 67028.
4
Calculate the greatest common divisor of 131904 and 960.
192
Calculate the highest common factor of 374 and 124729.
187
What is the greatest common divisor of 5980 and 364?
52
Calculate the highest common factor of 51 and 183.
3
Calculate the highest common divisor of 5055 and 2455.
5
What is the greatest common divisor of 84 and 54271?
7
Calculate the highest common divisor of 430749 and 396.
99
Calculate the highest common divisor of 61 and 134993.
61
Calculate the greatest common divisor of 44933 and 4459.
343
What is the greatest common divisor of 55944 and 456?
24
Calculate the highest common factor of 1368 and 6308.
76
Calculate the greatest common factor of 4118 and 522.
58
Calculate the highest common factor of 74100 and 24852.
228
Calculate the highest common divisor of 2701 and 8833.
73
Calculate the highest common divisor of 4346 and 18285.
53
What is the highest common factor of 624460 and 40?
20
Calculate the highest common factor of 92 and 12164.
4
Calculate the highest common factor of 112352 and 64.
32
Calculate the highest common divisor of 880 and 176.
176
Calculate the highest common factor of 26470 and 1270.
10
What is the highest common factor of 54 and 15813?
9
What is the highest common factor of 26916 and 1746?
6
Calculate the highest common divisor of 10857 and 63.
21
What is the greatest common divisor of 151290 and 855?
45
Calculate the highest common factor of 20 and 552910.
10
Calculate the highest common divisor of 530348 and 5824.
364
What is the highest common factor of 608 and 418?
38
What is the highest common divisor of 39101 and 488?
61
What is the highest common factor of 5616 and 108342?
234
Calculate the highest common factor of 20339 and 33.
11
Calculate the highest common factor of 11973 and 156.
39
Calculate the greatest common divisor of 165251 and 257.
257
What is the highest common divisor of 2528355 and 365?
365
What is the greatest common factor of 273 and 177359?
91
What is the greatest common divisor of 7936 and 2728?
248
What is the greatest common divisor of 6591 and 150072?
507
What is the highest common factor of 1742 and 8060?
26
What is the greatest common divisor of 4455 and 5085?
45
Calculate the highest common factor of 10695 and 543306.
2139
Calculate the greatest common divisor of 3953 and 1947.
59
Calculate the highest common divisor of 7 and 2440333.
7
What is the highest common factor of 1644 and 17125?
137
Calculate the greatest common factor of 201068 and 28.
28
Calculate the greatest common divisor of 282570 and 30.
30
What is the greatest common divisor of 113330 and 70?
70
What is the greatest common divisor of 18935 and 33530?
35
Calculate the greatest common divisor of 29201640 and 1560.
1560
What is the highest common factor of 204 and 90916?
68
Calculate the greatest common divisor of 800 and 187168.
32
What is the highest common factor of 605 and 14769865?
605
What is the greatest common factor of 58695 and 897?
39
What is the highest common divisor of 6532 and 92?
92
What is the highest common divisor of 100395 and 621?
207
What is the greatest common factor of 31 and 2065?
1
What is the greatest common factor of 6 and 360672?
6
Calculate the highest common divisor of 277117 and 153.
17
What is the greatest common factor of 29925 and 36925?
175
What is the greatest common factor of 85323 and 42?
21
What is the greatest common divisor of 97497 and 19251?
621
What is the greatest common divisor of 12 and 27228?
12
Calculate the greatest common factor of 47974 and 93790.
166
Calculate the greatest common divisor of 1806 and 6888.
42
Calculate the highest common factor of 705 and 109839.
141
Calculate the greatest common divisor of 38940 and 7095.
165
Calculate the highest common factor of 6920557 and 14.
7
What is the highest common divisor of 88 and 11572?
44
What is the greatest common divisor of 7016660 and 140?
140
What is the highest common divisor of 19667 and 568?
71
Calculate the greatest common divisor of 44133 and 1269.
141
Calculate the highest common divisor of 1572 and 552.
12
Calculate the highest common divisor of 1429957 and 41.
41
What is the greatest common factor of 168 and 28266?
42
What is the greatest common factor of 82 and 566?
2
Calculate the highest common divisor of 52572 and 1560.
156
What is the highest common divisor of 2092512 and 71?
71
What is the greatest common factor of 24 and 11769?
3
Calculate the highest common divisor of 103667 and 208583.
1249
What is the greatest common factor of 237 and 49849?
79
What is the greatest common factor of 1183 and 20475?
91
What is the highest common divisor of 2490 and 760?
10
Calculate the greatest common divisor of 25 and 355405.
5
Calculate the greatest common divisor of 407303 and 19.
19
Calculate the highest common factor of 33994 and 46.
46
Calculate the highest common divisor of 1106 and 686.
14
Calculate the highest common divisor of 1755 and 1469.
13
Calculate the highest common factor of 47466 and 2430.
162
Calculate the highest common divisor of 40404 and 235172.
1036
What is the highest common divisor of 83408 and 624?
208
Calculate the highest common divisor of 27416 and 100832.
184
Calculate the highest common divisor of 51805 and 65.
65
Calculate the highest common factor of 20 and 3839410.
10
What is the highest common divisor of 21 and 425509?
7
What is the highest common factor of 621 and 21677868?
621
What is the highest common divisor of 16548 and 7?
7
Calculate the highest common divisor of 41713 and 8555.
59
What is the highest common divisor of 913 and 22327?
83
What is the highest common divisor of 196852 an